ate the remainder when 7/5 + 342/(-12)*((-24)/15 - 0) is divided by g(4).
22
Let s(k) = -6*k - 33. Let w be s(-6). Suppose w*h + 4 = -17. Calculate the remainder when 25 is divided by ((-1)/(-3)*1)/(h/(-273)).
12
Let v be (-1466)/(-14) - (5 + (-259)/49). Suppose v = 3*i + 3. Suppose -6 - 4 = -5*d, -i = -p - 4*d. Calculate the remainder when p is divided by 14.
12
Let o = -3764 - -3913. What is the remainder when 1630 is divided by o?
140
Let c(s) be the first derivative of 47*s**2/2 - 337*s + 243. Calculate the remainder when c(10) is divided by 40.
13
Suppose -4*r - 78 = -2*c, -2*c - 3*c + 250 = r. Let x = c + -30. Suppose -68*w + 62*w = -57 - 27. What is the remainder when x is divided by w?
5
Suppose -7*a - 4*k = -110, -3*a - 126*k + 57 = -121*k. What is the remainder when 416 is divided by a?
10
Suppose -25*t - 121 = -21. Calculate the remainder when (-12 - -11)*212/(-2) - t is divided by 28.
26
Suppose -25*g + 2452 - 135 = -2183. Calculate the remainder when g is divided by 60.
0
Suppose 65*x - 1096 = 492579. Calculate the remainder when x is divided by 71.
69
Suppose 2*l - 3*l + 17 = 0. Suppose -144*r = -145*r + 24. Let w = 55 - r. Calculate the remainder when w is divided by l.
14
Suppose -14*b + 15*b = 44. Suppose -o - 74 = -4*d + o, -38 = -3*d - 2*o. Calculate the remainder when (-2)/(-11) - (-916)/b is divided by d.
5
Let w = 18 + 0. Let h(g) = 740*g + 43044. Calculate the remainder when h(-58) is divided by w.
16
Suppose -5*c - 394 + 1024 = 0. What is the remainder when ((-22608)/396)/(32/(-352)) is divided by c?
124
Let l(u) = -25 - 4 - 11*u - 40 + 0*u. Calculate the remainder when l(-18) is divided by 19.
15
Let s = -39284 + 39357. Calculate the remainder when s is divided by ((-2)/4)/(4/(-456)).
16
Let a = -7 - -7. Calculate the remainder when 13 - 2*(a - -2) is divided by -10 - -8 - 20/(-4).
0
Let w = 8686 - 8484. Calculate the remainder when 224 is divided by w.
22
Let a = 47 + -17. Let d(m) = -m**3 - 19*m**2 - 15*m + 43. Let c be d(-18). What is the remainder when a is divided by 2322/297 - 2/c?
6
What is the remainder when (0 + (-91)/(-14))/(4/104) is divided by 165?
4
Let s(h) = 2*h**3 + 13*h**2 - 6*h - 5. Let k be s(-7). Let w = -29 - -49. Calculate the remainder when (-10)/k + 3980/120 is divided by w.
14
Suppose -20 = 5*h, -d + 51 = -5*h - 50. Suppose -d = 15*w - 396. What is the remainder when 242/6 + 1/(-3) is divided by w?
19
Let c = -83 - -86. Suppose 2*x + t + 16 = -c*t, -6 = 2*t. Calculate the remainder when 23 is divided by 70 + -57 + 0/(x/1).
10
Suppose -3*y + 5*n + 52 = 0, 2*y + 5*n - 93 = -100. Let a = 1216 + -814. Calculate the remainder when a is divided by y.
6
Let o(s) = 2*s**3 - 2*s**2 - s - 2. Let z = -6 - -8. Suppose 0 = -11*x + 51*x - 200. Calculate the remainder when x is divided by o(z).
1
Let o = 25817 + -19016. Calculate the remainder when o is divided by 21.
18
Calculate the remainder when -2*(-4)/(-8) - (-784 - -38) is divided by 93.
1
Let p = -8208 - -8606. What is the remainder when p is divided by 25?
23
What is the remainder when 468 is divided by (4/(-18))/((-112576)/(-3312) + -34)?
8
Let g(j) = 21*j - 24. Let k be g(-3). Let n = -75 - k. What is the remainder when n is divided by 7?
5
Let r(l) = -3*l**2 - 10 - 19*l**3 + 7*l - 13*l**3 - 16*l**3 + 47*l**3. What is the remainder when 7 is divided by r(-5)?
2
Let o(q) = 5653*q - 2. Let j be o(-1). What is the remainder when (-2)/(15/(j/2)) is divided by 9?
8
Suppose -111 = -13*n + 19. Suppose 2 = 3*f - 4*j, 4*f + 6 = -4*j - n. Let k = f - -20. What is the remainder when 87 is divided by k?
15
Suppose -x - 16 = -3*x. Let s be 296/1 - (0 - (-2 - -2)). Suppose 3*r + 5*r - s = 0. What is the remainder when r is divided by x?
5
Suppose 4*t - 42 = -70, 0 = 3*k - t - 1810. Calculate the remainder when 630 is divided by k.
29
Let g(o) = -o**3 - 12*o**2 - 3*o - 27. Let m(t) = -t**3 - 13*t**2 + 34*t + 5. Let d be m(-15). Let l = 43 + d. What is the remainder when 58 is divided by g(l)?
4
Let r(d) = -22*d + 278. What is the remainder when r(-7) is divided by 16?
0
What is the remainder when 1530 - (-14 + 32 + -8) is divided by 379?
4
Let r = 963 + -348. What is the remainder when (-25)/(-20) + r/20 is divided by 4?
0
Let l(x) = x**3 - 8*x**2 - 4*x - 2. Let y be l(9). Suppose -t = 5*g + 160, -2*g = -3*g + t - 38. Let v = g + y. What is the remainder when v is divided by 4?
2
Let o(i) = 2*i**2 - 9 - 3*i - i - 3 + 0*i. Suppose 20*z - 16*z + 12 = 0. Calculate the remainder when 48 is divided by o(z).
12
Let s = 2182 + -2120. Suppose 60 + 8 = 4*c. Calculate the remainder when s is divided by c.
11
Let h(o) = -651*o - 3219. Suppose 9 = 3*m - 39. Calculate the remainder when h(-5) is divided by m.
4
Suppose 117*j = 174*j - 75696. What is the remainder when j is divided by 38?
36
Suppose -3*z + 2844 = -3*f, -601 = -2*z + 4*f + 1291. Calculate the remainder when z is divided by 324.
302
Let d(w) = -2*w - 6. Calculate the remainder when 7/(-4)*18*810/(-945) is divided by d(-6).
3
Suppose -1924 = -4*a - 2032. Let c = 42 - a. What is the remainder when c is divided by 24?
21
Suppose 4724 = -s + 4771. Calculate the remainder when 304 is divided by s.
22
Suppose 9*n + 551 + 1996 = 0. Let b = 7 - n. Suppose 10 + b = 6*t. What is the remainder when t is divided by 26?
24
Let g(q) = -5*q - 5. Let p(b) = 11*b + 10. Let l(f) = 13*g(f) + 6*p(f). What is the remainder when 16 - 3/6*8 is divided by l(8)?
0
Let i = 10441 - 9937. Calculate the remainder when i is divided by 41.
12
Suppose 2*n = -4*v + 4, v = -v. Let q = n + 32. Suppose 5*c = -4*y - y + 75, y = -2*c + q. What is the remainder when 56 is divided by c?
18
Let t(b) = 56*b - 234. What is the remainder when t(6) is divided by ((-5)/5)/(4/(-60))?
12
Let c = -2822 + 2825. What is the remainder when 219 is divided by c?
0
Let g(w) = 2*w**2 - 25*w - 244. Let f(b) = b**2 - 13*b - 121. Let o(t) = -5*f(t) + 3*g(t). Calculate the remainder when 10/(1/5 - 0) is divided by o(18).
16
Suppose 0 = 8*v - 10*v + 8. What is the remainder when 45 is divided by (v + (3 - 6))*12?
9
Suppose 2*f - 22 = -5*h + h, 4*h - 24 = -4*f. Suppose -4*u - 2499 + 507 = 0. Let v = 500 + u. What is the remainder when v is divided by f?
0
Let h(m) = 10*m**3 - 149*m**2 + 19*m - 28. What is the remainder when 9285 is divided by h(16)?
9
What is the remainder when ((-312)/18 + (-4)/(-6))/(433/(-109116)) is divided by 4?
0
Let w = 31142 + -31084. Calculate the remainder when 8641 is divided by w.
57
Let x = -35 + 50. Calculate the remainder when x is divided by 12*(3 + 35/(-15)).
7
Let k be (8/8)/(93/90 + -1). Suppose -k + 70 = i. Suppose 0 = 4*p + 16, 3*y - 32 = p + 41. What is the remainder when i is divided by y?
17
Let x(k) = -k**3 - 6*k**2 + 30*k - 34. Let u be x(-10). Suppose 0 = 26*f + u - 222. What is the remainder when 57 is divided by f?
3
Let s = -31116 + 31329. What is the remainder when s is divided by 34?
9
Suppose 0 = -q + 28 + 7. Let p(n) = 481*n - 3346. Calculate the remainder when q is divided by p(7).
14
Let z = 696 - 186. Calculate the remainder when z is divided by 8.
6
Let f(z) = z**3 - 31*z**2 + 114*z + 20. Let j(a) = -a**3 + 7*a**2 + 10*a - 9. What is the remainder when f(27) is divided by j(7)?
60
What is the remainder when 201 is divided by (84/(-8) + 3)/(284/96 - 3)?
21
Suppose 2035 = 6*j + 15*j - 10691. What is the remainder when j is divided by 21?
18
Suppose 0 = -4*s - 48 + 752. Suppose 889*v = 18*v + 12*v + 39514. Calculate the remainder when s is divided by v.
38
Let c be 50/175*(-7)/(-2). What is the remainder when (8 + 0)*c*(5 - -6) is divided by 46?
42
Suppose 82*c = -748 + 2060. Suppose -3*a + 156 = 3*z, -2*a - 118 = -2*z - 26. What is the remainder when z is divided by c?
1
Suppose 157 - 161 = -2*h. What is the remainder when h/5 - (-1 - 1389/15) is divided by 11?
6
Suppose -273*o + 9408 = -225*o. What is the remainder when o is divided by 59?
19
Suppose 2*b + 5997 = 5*h - 4127, -5*b = -3*h + 6101. What is the remainder when h is divided by 22?
20
Let r = -2648 + 2651. Calculate the remainder when 30/(-20) - (-66)/4 is divided by r.
0
Let v(u) = -u**3 - 19*u**2 + 16*u - 48. Let w = 395 - 415. Calculate the remainder when 139 is divided by v(w).
11
Suppose 10*j - 3*j - 2989 = 0. Let g = j - 234. Calculate the remainder 